)*(-7 - -2 - -1). Calculate the greatest common factor of p and a.
9
Suppose 261 = b - 3*n - 5, 0 = -5*b - 5*n + 1290. What is the greatest common divisor of b and 104?
52
Suppose -3*s = j - 0*s + 122, 0 = -5*j + s - 690. Let q = -7 - j. What is the highest common divisor of 26 and q?
26
Suppose -69*v + 554*v = 5820. Suppose 2*s + 1 - 265 = 0. What is the greatest common divisor of v and s?
12
Suppose 8*w = 2*w + 24. Suppose 2*z - 18 = -w*z. What is the highest common divisor of 27 and z?
3
Let n(h) = -3*h**2 + 32*h - 5. Let a be n(10). What is the greatest common divisor of a and 375?
15
Let f be 6204/96 + (-3)/(-8). Let t(c) = c**2 + 3*c - 23. Let i be t(4). Calculate the highest common divisor of f and i.
5
Suppose 18*y + 1727 - 13535 = 0. Calculate the greatest common divisor of 16 and y.
16
Let d = 5 - -1. Let t be (1/(-2))/(d/(-48)). Let q be 132/18 - t/(-6). Calculate the greatest common divisor of q and 16.
8
Suppose -48 = -2*g + 2*r, r + 155 = 5*g + 3*r. What is the greatest common factor of g and 116?
29
Let s = 4134 - 2336. Calculate the greatest common factor of 58 and s.
58
Let q be 21 + -2 + 5/5. Suppose -177 = 3*o + n - 713, 5*o + 5*n - 880 = 0. What is the greatest common divisor of q and o?
20
Suppose 0 = -n + 5*d + 61, -3*n - 3*d + 57 = -n. What is the greatest common divisor of n and 9?
9
Let r(m) = 7*m**2 - 2*m - 6. Let z be r(4). Let i be (39/21 - 1)*z. What is the highest common factor of 56 and i?
28
Let f(n) = 55*n - 219. Let p be f(5). What is the greatest common factor of p and 8?
8
Suppose 2*j + 3*c - 207 = 0, -5*j - 3*c + 2*c = -498. Let d(a) = -3*a + 15. Let n be d(2). Calculate the highest common factor of n and j.
9
Let v(y) = 2*y**3 + 21*y**2 - 3*y + 102. Let s be v(-11). What is the highest common factor of s and 64?
2
Let x = 45 + -70. Let h = 7 - x. What is the highest common factor of h and 64?
32
Suppose 2*v = 3*v - 0*v. Let k be (-200)/(-12)*((-24)/(-10) - v). What is the greatest common factor of 16 and k?
8
Let p = 370 - 250. Suppose j - 15 = 6*j. Let f(s) = -7*s + 3. Let d be f(j). Calculate the highest common factor of p and d.
24
Let p = 127 + -121. What is the highest common divisor of 2 and p?
2
Suppose 5*w = 4*o - 99, 52 = 4*o - 4*w - 48. Calculate the highest common factor of o and 39.
13
Let d be -3*4/36*18 - -54. Calculate the greatest common factor of d and 84.
12
Let g = 31 + -19. Suppose -18*c + 582 = -2496. Suppose -c = 8*u - 651. What is the greatest common divisor of u and g?
12
Suppose -199 = -18*s + 809. Calculate the highest common factor of 2800 and s.
56
Suppose 2006 - 6246 = -53*u. What is the highest common factor of u and 140?
20
Suppose -35*o + 1001 = -24*o. What is the highest common factor of o and 91?
91
Let y be (490/(-6) + 1)*162/(-36). Let c(r) = r**2 - 8*r + 13. Let q be c(10). Calculate the highest common divisor of y and q.
33
Let s(d) be the second derivative of -d**5/20 - 11*d**4/12 - 13*d**3/6 - 6*d**2 + 13*d. Let l be s(-10). What is the greatest common factor of 198 and l?
18
Let x be 56/6*(640/(-70) + 16). What is the highest common divisor of x and 16?
16
Let t(r) = 2*r**2 + 2*r + 5. Let p be t(-4). Let v = p + -25. Suppose v*a + 0*a = 56. Calculate the highest common divisor of a and 21.
7
Let c = 33 - 9. Suppose 0 = m + c - 45. Calculate the greatest common factor of 14 and m.
7
Suppose 0 = -5*l + 67 + 33. Let y be 17/5 + 12/l. Let k be (-66)/(-2) + -1*1. Calculate the greatest common factor of y and k.
4
Let w(h) = -h**2 + 22*h - 6. Suppose 0*v - 2*v = -6. Suppose v = -j + 18. Let n be w(j). What is the highest common factor of n and 11?
11
Let j be 127 - 0 - (31 + -20). Calculate the highest common divisor of 2900 and j.
116
Suppose 0 = 3*x + 4*o + 2, -4*x + o = -4*o - 18. Calculate the highest common factor of x and 4.
2
Suppose -76*h - 15 = -81*h, -2*k - 2*h = -114. Calculate the greatest common factor of k and 189.
27
Let p(f) = -12*f**3 - 9*f**2 + 16*f - 3 + 13*f**3 + 6. Let j be p(7). What is the greatest common divisor of j and 119?
17
Let m be 111/2 + (-1)/2. Suppose -5*j + 3*j + 37 = -b, 5*j = -5*b + m. What is the greatest common factor of 48 and j?
16
Let p be (-12)/(111/30 - 4). Let z(x) = -x**2 - 4*x + 1. Let a be z(-3). What is the greatest common factor of p and a?
4
Let c be 3 - -3 - (0 - 2). Suppose -3*r + 11 = -109. Calculate the greatest common factor of c and r.
8
Suppose 3*v + 7 = 3*n - 4*n, 2*n - v - 21 = 0. What is the highest common divisor of 38 and n?
2
Suppose 4*c - 121 = 95. Suppose 11*l - 93 = 6. What is the greatest common factor of c and l?
9
Let t be -1 - -33 - 2/(2 + -3). Let b be -2 + -2 + 0 + t. What is the greatest common factor of 330 and b?
30
Let l = 14 - 0. Suppose -17*t = -1053 - 613. Calculate the highest common divisor of t and l.
14
Let d = -434 - -498. What is the highest common divisor of d and 96?
32
Suppose -30*t + 2556 = 41*t. Let k(f) = -f**3 - 2*f**2 + 6*f + 3. Let a be k(-5). What is the highest common divisor of t and a?
12
Let v(r) = 189*r. Let y be v(2). Suppose 46*w = 43*w + y. Calculate the highest common factor of w and 14.
14
Let j(y) = 2*y**2 + 33*y + 30. Let k be j(15). Calculate the greatest common divisor of k and 150.
75
Suppose -343 = -4*c - 5*d, d - 383 = -4*c + 4*d. Let n = c + -72. What is the highest common factor of n and 8?
4
Suppose -100 = -11*d + 65. Calculate the highest common divisor of 3 and d.
3
Suppose n + 0 = -17. Let w be (-3 - -1)*(n + 4). What is the highest common divisor of 130 and w?
26
Suppose 17*v - 6 = 15*v. Suppose -3*w + g = 2*g - 134, -v*w + 4*g = -124. What is the greatest common divisor of w and 4?
4
Suppose -4*k + 222 = 5*a - 485, -5*a - 5 = 0. Calculate the greatest common divisor of 2225 and k.
89
Suppose 0 = -v + 30 - 9. Let t = 196 + -49. What is the highest common divisor of v and t?
21
Let h(w) = -6*w - 33. Let c be h(-15). Calculate the greatest common factor of 95 and c.
19
Suppose x - k - 372 = -95, 5*x - 2*k = 1379. Calculate the greatest common divisor of x and 110.
55
Let t(d) = -1 + 7 - 8 - 6*d - 9*d. Suppose -2 = 8*i - 6*i. Let k be t(i). What is the greatest common factor of 13 and k?
13
Suppose 2*h - 3*g + 8*g = 51, -5*g + 135 = 5*h. What is the highest common divisor of 98 and h?
14
Suppose 2*b - 52 = 6*b. Let z = b + 26. Calculate the greatest common factor of z and 65.
13
Suppose -4*z = -16, 3*i - 3*z - 3 = -45. Let l be (i/(-35))/(1/7). Suppose -18 = -u - l*u. Calculate the highest common factor of u and 3.
3
Let w be (-29)/(0 + -5 + (-720)/(-145)). Calculate the greatest common factor of 29 and w.
29
Suppose 2*z + 0*z = 14. Suppose 836 = 8*t - 788. What is the greatest common divisor of t and z?
7
Suppose -40286 + 8936 = -30*z. Calculate the greatest common factor of z and 55.
55
Let t be (45/(-27))/((-2)/(-6)) + 245. What is the greatest common divisor of t and 560?
80
Let h(x) = x**2 + 10*x - 3*x**3 - 6 + 0*x**2 + 4*x**3 + 11*x**2. Let z be h(-11). What is the highest common divisor of z and 20?
5
Let t(b) = b + 11. Let k be t(-8). Suppose 3*u + j - 9 = 56, -3*u + 69 = 3*j. Calculate the highest common factor of k and u.
3
Suppose -c + 1 + 3 = -2*j, 2*j + 10 = -2*c. Let f = 16 + c. Suppose -3*u - l + 42 = 0, -11 = 2*u + 5*l - 39. What is the highest common divisor of u and f?
14
Let m(i) = -i**2 + 12*i - 7. Let z be m(3). Suppose 0 = -4*u - 4*h + 316, 3*u - 3*h - 163 = u. Calculate the greatest common factor of u and z.
20
Let q(s) = -43*s - 5. Let m be q(-3). Let i be 856/7 - 4/14. Suppose 0 = -4*k + t + i, 5*t - 9 = 2*k - 61. Calculate the greatest common factor of m and k.
31
Let y(w) = -w**3 + w - 2. Let s be y(-2). Suppose -x - 4*x = -r - 1019, -r - s = 0. Calculate the highest common factor of x and 29.
29
Suppose b - 3*j - 28 = 0, -4*b = 5*j - 2*j - 97. Calculate the highest common factor of 4 and b.
1
Let p(d) = 17*d**2 - 3 + 2*d**3 - 5*d - 17*d**2. Let j be p(-3). Let y be (j/(-9))/((-2)/(-3)). What is the highest common factor of 35 and y?
7
Suppose 0 = -i - 4*l - 19, 0 = 5*i - 2*l - 0*l + 51. Let j be (i - -8)*(-34)/6. Calculate the greatest common factor of j and 187.
17
Let i be 24/16*(-32)/(-6). Let d be (-1 + i)/(13/182). Suppose -d = -5*x - 23. Calculate the greatest common divisor of x and 105.
15
Suppose 1056 = -19*c + 30*c